68)/(-32). Suppose l + 83 = 5*m - 2*d, 2*m + d = 57. Suppose -4*o = -5*o + m. Calculate the remainder when o is divided by 15.
13
Let x be 8 - (0 + 0) - 3. Let i be (8/x)/((-4)/(-10)). Suppose 0*h - 96 = -i*h. What is the remainder when 70 is divided by h?
22
Let y(h) = h**3 - 2*h**2 + 4*h + 1. Let v be y(3). Suppose -46 = -4*z + v. Calculate the remainder when (-96)/(-1*2) + 0 is divided by z.
14
Let y(x) = x**3 - 11*x**2 + 12*x - 9. Let p be y(10). Let i = p + -6. Calculate the remainder when 9 is divided by i.
4
Let d(k) = k**3 + 6*k**2 + 2*k - 5. Calculate the remainder when d(-5) is divided by 6.
4
Let f be (-1 + (-15)/(-9))*9. Let d(y) = 3*y**2 - 7*y - 4. What is the remainder when d(f) is divided by 21?
20
Let l = 0 - -4. Suppose l*r - 31 = 25. Calculate the remainder when 20 is divided by (-2 + r/(-4))*-2.
9
Let u(a) = -a**2 + 13*a - 12. Let q = 126 + -109. What is the remainder when q is divided by u(11)?
7
Let s(o) = 3*o. Let c be s(4). What is the remainder when 10 is divided by 2/c - (-69)/18?
2
Let s(z) = z - 3. Calculate the remainder when 22 is divided by s(9).
4
What is the remainder when 65 is divided by 30 - (1 - 1 - 3)?
32
Let z = 2 + 2. Suppose z*u - 160 = o, 3*o = -u - o + 57. Calculate the remainder when u is divided by 22.
19
Calculate the remainder when 109 is divided by (-5)/10*(-60 - -4).
25
Suppose -65 = -y - 4*y. Let o(g) = g**3 + 5*g**2 + 2*g - 4. Let i be o(-4). Suppose 0 = -0*h + i*h - 100. What is the remainder when h is divided by y?
12
Let f(m) = -3*m + 15 + 7 + m**3 - 6 + 2*m. Calculate the remainder when 29 is divided by f(0).
13
Let v(f) = -6*f - 36. Calculate the remainder when 41 is divided by v(-7).
5
Let d(f) = f**3 + 6*f**2 - 4*f - 12. Calculate the remainder when d(-5) is divided by 5.
3
Suppose 4*i + 4*w = -12, w - 2*w = -3*i + 7. What is the remainder when 26 is divided by -14*(-1)/(i - 0)?
12
Let q be (-16)/6 + 2/(-6). Let c = q - -3. What is the remainder when 4 is divided by -1 + 2 - (c - 1)?
0
Let z = 5 - -3. Calculate the remainder when z is divided by 3.
2
Suppose u - 4*u = 3, 0 = -3*s - 4*u + 11. What is the remainder when 18 is divided by s?
3
Let p(d) = -d + 19. Let r be p(12). Suppose 43 = r*w - 3*w + 3*x, -2*w - 3*x = -17. Calculate the remainder when 24 is divided by w.
11
Let r(q) = -7*q + 5. Let k be r(-5). Let g = k + -23. What is the remainder when g is divided by 5?
2
Suppose -21*a + 95 = -20*a. What is the remainder when a is divided by 12?
11
Let a be (-2)/((-1 - -3) + -3). Let i be (1/a)/(3/108). Suppose w - i = -w. What is the remainder when w is divided by 3?
0
Suppose -4*p - 53 = -209. What is the remainder when p is divided by 14?
11
Suppose 0 = 3*u - 2*t - 112, 5*t = u - 41 - 18. Calculate the remainder when u is divided by 22.
12
Let u = 12 + -8. Suppose -3*g - 2*m + 42 = 0, 0*g - 2*g + u*m + 44 = 0. Calculate the remainder when g is divided by 5.
1
What is the remainder when 41 is divided by (-2)/6*(-35 + -7)?
13
Suppose 4*n - 3*n - 4 = 0. Let v be (-4)/5*(-35)/14. Suppose -7*m + v*m = -55. What is the remainder when m is divided by n?
3
Let l = 46 - 17. What is the remainder when 85 is divided by l?
27
Suppose -5*c - 3*p = -p + 68, 51 = -4*c - 5*p. What is the remainder when 26 is divided by c/(-14)*(0 + 7)?
5
Let p = -3 + 10. What is the remainder when 20 is divided by p?
6
Suppose b = 5*b - 2*u - 148, 4*b = -2*u + 156. Suppose 5*d - 55 = -3*m - 16, -5*m + 3*d = -65. Calculate the remainder when b is divided by m.
12
What is the remainder when (-371)/21*-3*1 is divided by ((-6)/(-2))/(6/28)?
11
Let v(h) = -h**2 + 6*h + 5. Calculate the remainder when 57 is divided by v(5).
7
Suppose -u - 5*b = u - 128, 130 = 2*u + 4*b. Let l = -4 - -22. What is the remainder when u is divided by l?
15
Let m = -22 - -84. What is the remainder when m is divided by 23?
16
Suppose -189 = 16*q - 19*q. Calculate the remainder when 187 is divided by q.
61
Suppose -m = 29 - 53. What is the remainder when 95 is divided by m?
23
Let u(c) = c**2 - 5. What is the remainder when 11 is divided by u(-3)?
3
Let h(n) = n**2 - 5*n - 5. Let i be h(6). Let x be i/(1/3) - -17. Suppose 0 = 2*d + l - 32, -x - 86 = -5*d + 4*l. What is the remainder when 53 is divided by d?
17
Let r(z) = z**3 - 4*z**2 - 3*z + 1. Suppose -a - 11 = -4. Let w = a + 12. Calculate the remainder when 32 is divided by r(w).
10
Suppose -2*d = -4*r - 270, 9*d - 12*d + r + 400 = 0. What is the remainder when d is divided by 34?
31
Let k = -2 + 3. Suppose -5*s + 63 = -0*s - 3*o, -2*s + 5*o + 29 = 0. What is the remainder when 1 - 0/k - -45 is divided by s?
10
What is the remainder when (-4)/10 + (-276)/(-15) is divided by 10?
8
Let r(b) = -b**3 + 4*b**2 - 4*b + 2. Let w(o) = 3*o - 1. Let q be w(2). Calculate the remainder when q/2 + 9/(-18) is divided by r(2).
0
Suppose 5*j - 4*m - 47 = 0, -2*m = 2*j + m - 5. Let a = 25 - j. Calculate the remainder when (12/(-16) + 39/12)*14 is divided by a.
17
Suppose -h + s = h - 23, -2*h = 4*s - 28. Suppose 0 = -5*z + 114 + 56. What is the remainder when z is divided by h?
10
Let f(j) = 2*j - 12. Suppose v + 2*l + 4 = 3, 4*v + l = 31. What is the remainder when f(13) is divided by v?
5
Suppose -2*f + 5*x - 1 = 8, -5*f + 4*x = -3. Suppose 3*p = j + f, 3*j - p - 17 = 14. Let s(z) = 2*z + 14. Calculate the remainder when s(10) is divided by j.
10
Let f(m) = 2*m**2 + m + 4. Let t be f(6). Let u = -38 + t. Calculate the remainder when u is divided by 23.
21
Suppose 0 = -3*q + 2*i - 4*i + 212, -232 = -3*q + 2*i. Let f = q + -11. What is the remainder when f is divided by 32?
31
Suppose -4*i = 2*t - 90 + 12, i = -3*t + 22. Let z be 2*((-9)/(-1) - 3). What is the remainder when i is divided by ((-7)/4)/((-3)/z)?
5
Suppose -160 = -6*j + j. Calculate the remainder when j is divided by 5.
2
Let h(r) = 11*r**3 - r**2 + 2*r - 1. Let p be (1/(2/(-2)))/(-1). What is the remainder when 21 is divided by h(p)?
10
Let f = -83 - -85. Calculate the remainder when 9 is divided by f.
1
Let u(h) = 7*h - 12. Calculate the remainder when 114 is divided by u(5).
22
Calculate the remainder when 63 is divided by (-3)/(-3*4/64).
15
What is the remainder when ((-1)/2)/(7/(-280)) is divided by 11?
9
Suppose 5*v - 12 - 18 = 0. Let n be -3*(-1 + (-2)/v). Suppose -n*r + 3*r + 12 = 0. What is the remainder when 34 is divided by r?
10
Let b(g) = -25*g. Let t be b(-1). Let h = t - 15. Calculate the remainder when h is divided by 4.
2
Suppose -2*t - 2*t = -20. Let p(x) = x + 5. What is the remainder when 18 is divided by p(t)?
8
Suppose -4*y = 3*p - 38, 2*p = 5*y - 7 + 63. Suppose 5*s = -c - 13, -s - 1 - 38 = -5*c. Calculate the remainder when p is divided by c.
4
Suppose 0 = -18*l + 13*l + 250. Calculate the remainder when l is divided by 18.
14
Let g(c) = c**3 + 5*c**2 - 9. What is the remainder when 11 is divided by g(-4)?
4
Let c = 9 + 2. Let h(a) = -a + 11. Let z be h(c). Suppose 3*t + 0*i = 5*i + 52, 3*t + 4*i - 34 = z. What is the remainder when t is divided by 8?
6
What is the remainder when (48/(-60))/((-2)/205) is divided by 12?
10
Let c(h) = 133*h**2 - 2*h - 1. Calculate the remainder when c(-1) is divided by 15.
14
What is the remainder when 17 is divided by (-17)/(-6) + 17/102?
2
Suppose -184 = -3*n - t, -4*n + 0*t - 2*t = -248. What is the remainder when n is divided by 21?
18
Let a(f) = -5*f + 6*f - 4*f + 4 + 2*f. What is the remainder when 2 is divided by a(3)?
0
Suppose 5*z = 10*z - 45. Calculate the remainder when 52 is divided by z.
7
What is the remainder when 27 is divided by 8 - (6 + 1)*(-6)/(-42)?
6
Let y(a) = a - 4. Suppose 2*b + 16 = 6*b. Suppose 0*z + 8 = z - b*q, 0 = -5*z - 4*q + 16. Calculate the remainder when z is divided by y(7).
1
Let f(u) = -u**3 - 2*u**2 + u. Let h = -11 - -8. What is the remainder when 10 is divided by f(h)?
4
What is the remainder when 343/15 + (-14)/(-105) is divided by 6?
5
Suppose 0 = -0*t - 4*t - 4*z + 56, -5*t + 62 = 3*z. Suppose -2*x + 6 = -2*m, x + 0*x - 4*m = -9. Let l = x - 1. What is the remainder when t is divided by l?
4
Let i(a) = -a**2 - 18*a - 4. Calculate the remainder when i(-7) is divided by 3 - -1 - 378/(-18).
23
Let z(u) = u**2 + 10*u - 19. Calculate the remainder when 38 is divided by z(-13).
18
Suppose -2 = -4*k - 2*g, -3*k - 13 = k - g. Let a be (-4)/3*3/k. Let 